{"id":2006,"date":"2024-10-02T09:14:36","date_gmt":"2024-10-02T07:14:36","guid":{"rendered":"https:\/\/audetourdunsourire.wordpress.com\/?page_id=2006"},"modified":"2025-11-05T19:39:30","modified_gmt":"2025-11-05T18:39:30","slug":"series-forever","status":"publish","type":"page","link":"https:\/\/audetourdunsourire.com\/index.php\/series-forever\/","title":{"rendered":"Series Forever"},"content":{"rendered":"\n<p class=\"has-text-align-justify has-black-color has-text-color has-link-color wp-elements-4b19db2b43a21413979d2c17ae676fd1\"><strong>Pi\u00e8ces d\u00e9tach\u00e9es Land Rover &amp; partenaire de notre restauration<\/strong><\/p>\n\n\n\n<p><strong>Series Forever<\/strong> est un sponsor majeur de notre projet de <strong>restauration m\u00e9canique de notre Land Rover Serie III de 1980<\/strong>. Bas\u00e9e en Belgique, cette entreprise est sp\u00e9cialis\u00e9e dans les <strong>pi\u00e8ces d\u00e9tach\u00e9es Land Rover<\/strong>, depuis le <strong>Land Rover Series 1<\/strong> jusqu\u2019au dernier <strong>Land Rover Defender<\/strong>, sans oublier les <strong>Range Rover<\/strong>, <strong>Discovery<\/strong> ou encore <strong>Freelander<\/strong>.<\/p>\n\n\n\n<hr class=\"wp-block-separator has-alpha-channel-opacity\"\/>\n\n\n\n<div class=\"wp-block-uagb-buttons uagb-buttons__outer-wrap uagb-btn__default-btn uagb-btn-tablet__default-btn uagb-btn-mobile__default-btn uagb-block-35aeb033\"><div class=\"uagb-buttons__wrap uagb-buttons-layout-wrap \">\n<div class=\"wp-block-uagb-buttons-child uagb-buttons__outer-wrap uagb-block-2b3a2ed8 wp-block-button\"><div class=\"uagb-button__wrapper\"><a class=\"uagb-buttons-repeater wp-block-button__link\" aria-label=\"\" href=\"https:\/\/seriesforever.com\/fr\/\" rel=\"follow noopener\" target=\"_blank\" role=\"button\"><div class=\"uagb-button__link\">SERIES FOREVER<\/div><\/a><\/div><\/div>\n<\/div><\/div>\n\n\n\n<hr class=\"wp-block-separator has-alpha-channel-opacity\"\/>\n\n\n\n<h2 class=\"wp-block-heading\">\ud83d\ude97 Une expertise unique pour les passionn\u00e9s de Land Rover<\/h2>\n\n\n\n<p>Dirig\u00e9e par <strong>Bernard<\/strong>, Series Forever fournit des <strong>pi\u00e8ces de qualit\u00e9<\/strong> pour restaurer, entretenir et fiabiliser des v\u00e9hicules parfois difficiles \u00e0 r\u00e9parer. Leur capacit\u00e9 \u00e0 proposer des <strong>pi\u00e8ces sp\u00e9cifiques pour anciens Land Rover<\/strong> est particuli\u00e8rement pr\u00e9cieuse, surtout face \u00e0 la <strong>raret\u00e9 des pi\u00e8ces vintage<\/strong> sur le march\u00e9.<\/p>\n\n\n<div class=\"wp-block-image is-style-rounded\">\n<figure class=\"aligncenter size-large is-resized\"><img fetchpriority=\"high\" decoding=\"async\" width=\"1024\" height=\"576\" src=\"https:\/\/audetourdunsourire.com\/wp-content\/uploads\/2025\/11\/Series-Forever-1024x576.jpeg\" alt=\"\" class=\"wp-image-4330\" style=\"width:572px;height:auto\" srcset=\"https:\/\/audetourdunsourire.com\/wp-content\/uploads\/2025\/11\/Series-Forever-1024x576.jpeg 1024w, https:\/\/audetourdunsourire.com\/wp-content\/uploads\/2025\/11\/Series-Forever-300x169.jpeg 300w, https:\/\/audetourdunsourire.com\/wp-content\/uploads\/2025\/11\/Series-Forever-768x432.jpeg 768w, https:\/\/audetourdunsourire.com\/wp-content\/uploads\/2025\/11\/Series-Forever-1536x864.jpeg 1536w, https:\/\/audetourdunsourire.com\/wp-content\/uploads\/2025\/11\/Series-Forever-600x338.jpeg 600w, https:\/\/audetourdunsourire.com\/wp-content\/uploads\/2025\/11\/Series-Forever.jpeg 1600w\" sizes=\"(max-width: 1024px) 100vw, 1024px\" \/><\/figure>\n<\/div>\n\n\n<p>Gr\u00e2ce \u00e0 ce partenariat, nous b\u00e9n\u00e9ficions d\u2019un <strong>approvisionnement fiable<\/strong> en cas de panne m\u00e9canique, o\u00f9 que nous soyons dans le monde. Cela nous apporte une <strong>\u00e9norme tranquillit\u00e9 d\u2019esprit<\/strong> lors de notre exp\u00e9dition internationale.<\/p>\n\n\n\n<hr class=\"wp-block-separator has-alpha-channel-opacity\"\/>\n\n\n\n<h2 class=\"wp-block-heading\">\ud83d\udd27 Pi\u00e8ces fournies pour notre exp\u00e9dition<\/h2>\n\n\n\n<div class=\"wp-block-columns is-layout-flex wp-container-core-columns-is-layout-9d6595d7 wp-block-columns-is-layout-flex\">\n<div class=\"wp-block-column is-layout-flow wp-block-column-is-layout-flow\">\n<figure class=\"wp-block-image size-large is-resized\"><img decoding=\"async\" width=\"683\" height=\"1024\" src=\"https:\/\/audetourdunsourire.com\/wp-content\/uploads\/2025\/11\/DSC03047-min-683x1024.jpg\" alt=\"\" class=\"wp-image-4142\" style=\"width:386px;height:auto\" srcset=\"https:\/\/audetourdunsourire.com\/wp-content\/uploads\/2025\/11\/DSC03047-min-683x1024.jpg 683w, https:\/\/audetourdunsourire.com\/wp-content\/uploads\/2025\/11\/DSC03047-min-200x300.jpg 200w, https:\/\/audetourdunsourire.com\/wp-content\/uploads\/2025\/11\/DSC03047-min-768x1152.jpg 768w, https:\/\/audetourdunsourire.com\/wp-content\/uploads\/2025\/11\/DSC03047-min-1024x1536.jpg 1024w, https:\/\/audetourdunsourire.com\/wp-content\/uploads\/2025\/11\/DSC03047-min-1365x2048.jpg 1365w, https:\/\/audetourdunsourire.com\/wp-content\/uploads\/2025\/11\/DSC03047-min-600x900.jpg 600w, https:\/\/audetourdunsourire.com\/wp-content\/uploads\/2025\/11\/DSC03047-min-scaled.jpg 1707w\" sizes=\"(max-width: 683px) 100vw, 683px\" \/><\/figure>\n<\/div>\n\n\n\n<div class=\"wp-block-column is-layout-flow wp-block-column-is-layout-flow\">\n<p>Pour pr\u00e9parer notre Land Rover \u00e0 parcourir l\u2019Asie, Series Forever nous a fourni :<\/p>\n\n\n\n<ul class=\"wp-block-list\">\n<li>\u2705 <strong>Lames de ressorts paraboliques<\/strong> pour un meilleur confort sur pistes<\/li>\n\n\n\n<li>\u2705 <strong>Kit de freins \u00e0 disques<\/strong><\/li>\n\n\n\n<li>\u2705 <strong>Kits de joints moteur<\/strong><\/li>\n\n\n\n<li>\u2705 <strong>Courroie de ventilateur<\/strong><\/li>\n\n\n\n<li>\u2705 <strong>Rotules de direction<\/strong><\/li>\n\n\n\n<li>\u2705 <strong>Alternateur<\/strong><\/li>\n\n\n\n<li>\u2705 <strong>Deux demi-arbres arri\u00e8re<\/strong><\/li>\n\n\n\n<li>\u2705 Divers consommables essentiels<\/li>\n<\/ul>\n<\/div>\n<\/div>\n\n\n\n<p>Bien que ces pi\u00e8ces prennent de la place dans le v\u00e9hicule, elles sont <strong>indispensables<\/strong> lors d\u2019un <strong>voyage longue distance<\/strong> avec un v\u00e9hicule rare.<\/p>\n\n\n\n<hr class=\"wp-block-separator has-alpha-channel-opacity\"\/>\n\n\n\n<h2 class=\"wp-block-heading\">\ud83e\udded Pourquoi choisir Series Forever ?<\/h2>\n\n\n\n<h3 class=\"wp-block-heading\">\ud83d\udd29 <strong>Disponibilit\u00e9 des pi\u00e8ces<\/strong><\/h3>\n\n\n\n<div class=\"wp-block-columns is-layout-flex wp-container-core-columns-is-layout-9d6595d7 wp-block-columns-is-layout-flex\">\n<div class=\"wp-block-column is-layout-flow wp-block-column-is-layout-flow\">\n<figure class=\"wp-block-image size-large\"><img decoding=\"async\" width=\"1024\" height=\"768\" src=\"https:\/\/audetourdunsourire.com\/wp-content\/uploads\/2025\/11\/WhatsApp-Image-2024-10-30-at-18.20.50-1024x768.jpeg\" alt=\"\" class=\"wp-image-4140\" srcset=\"https:\/\/audetourdunsourire.com\/wp-content\/uploads\/2025\/11\/WhatsApp-Image-2024-10-30-at-18.20.50-1024x768.jpeg 1024w, https:\/\/audetourdunsourire.com\/wp-content\/uploads\/2025\/11\/WhatsApp-Image-2024-10-30-at-18.20.50-300x225.jpeg 300w, https:\/\/audetourdunsourire.com\/wp-content\/uploads\/2025\/11\/WhatsApp-Image-2024-10-30-at-18.20.50-768x576.jpeg 768w, https:\/\/audetourdunsourire.com\/wp-content\/uploads\/2025\/11\/WhatsApp-Image-2024-10-30-at-18.20.50-1536x1152.jpeg 1536w, https:\/\/audetourdunsourire.com\/wp-content\/uploads\/2025\/11\/WhatsApp-Image-2024-10-30-at-18.20.50-600x450.jpeg 600w, https:\/\/audetourdunsourire.com\/wp-content\/uploads\/2025\/11\/WhatsApp-Image-2024-10-30-at-18.20.50.jpeg 2048w\" sizes=\"(max-width: 1024px) 100vw, 1024px\" \/><\/figure>\n<\/div>\n\n\n\n<div class=\"wp-block-column is-layout-flow wp-block-column-is-layout-flow\">\n<p>Large catalogue pour :<\/p>\n\n\n\n<ul class=\"wp-block-list\">\n<li>Land Rover Series<\/li>\n\n\n\n<li>Land Rover Defender<\/li>\n\n\n\n<li>Range Rover<\/li>\n\n\n\n<li>Discovery<\/li>\n\n\n\n<li>Freelander<\/li>\n<\/ul>\n\n\n\n<p>\ud83d\udce6 Livraison rapide et s\u00e9curis\u00e9e, <strong>partout dans le monde<\/strong>.<\/p>\n<\/div>\n<\/div>\n\n\n\n<h3 class=\"wp-block-heading\">\u26a0\ufe0f Important<\/h3>\n\n\n\n<p>Series Forever ne propose <strong>pas<\/strong> de service garage ou restauration.<br>Ils vous fournissent les <strong>meilleures pi\u00e8ces<\/strong>, afin de travailler <strong>en autonomie<\/strong> sur votre v\u00e9hicule.<\/p>\n\n\n\n<hr class=\"wp-block-separator has-alpha-channel-opacity\"\/>\n\n\n\n<h2 class=\"wp-block-heading\">\ud83d\udee0\ufe0f Une valeur s\u00fbre pour restaurer son Land Rover<\/h2>\n\n\n\n<p>Que vous soyez passionn\u00e9, collectionneur, m\u00e9canicien amateur ou restaurateur professionnel, Series Forever est <strong>un partenaire de confiance<\/strong> pour :<\/p>\n\n\n\n<ul class=\"wp-block-list\">\n<li>restaurer un <strong>Land Rover ancien<\/strong><\/li>\n\n\n\n<li>am\u00e9liorer un Defender<\/li>\n\n\n\n<li>entretenir un Range Rover classique<\/li>\n\n\n\n<li>fiabiliser un v\u00e9hicule d\u2019exp\u00e9dition<\/li>\n<\/ul>\n\n\n\n<p class=\"has-text-align-justify has-black-color has-text-color has-link-color wp-elements-fd598ba69182a3bb5431d60b3dc5adc3\">Leur soutien rend notre projet <strong>plus simple, plus s\u00fbr et plus durable<\/strong>.<br>Merci \u00e0 Series Forever pour leur <strong>confiance<\/strong> et leur <strong>engagement<\/strong> \u00e0 nos c\u00f4t\u00e9s. \ud83c\udf0d<\/p>\n\n\n\n<hr class=\"wp-block-separator has-alpha-channel-opacity\"\/>\n\n\n\n<figure class=\"wp-block-embed aligncenter is-type-video is-provider-youtube wp-block-embed-youtube wp-embed-aspect-16-9 wp-has-aspect-ratio\"><div class=\"wp-block-embed__wrapper\">\n<iframe title=\"S3E9 : BIENT\u00d4T LA FIN !\" width=\"1200\" height=\"675\" src=\"https:\/\/www.youtube.com\/embed\/VQ1FYIyn3Gc?feature=oembed\" frameborder=\"0\" allow=\"accelerometer; autoplay; clipboard-write; encrypted-media; gyroscope; picture-in-picture; web-share\" referrerpolicy=\"strict-origin-when-cross-origin\" allowfullscreen><\/iframe>\n<\/div><\/figure>\n\n\n\n<p><\/p>\n\n\n\n<div class=\"wp-block-uagb-buttons uagb-buttons__outer-wrap uagb-btn__default-btn uagb-btn-tablet__default-btn uagb-btn-mobile__default-btn uagb-block-71c05213\"><div class=\"uagb-buttons__wrap uagb-buttons-layout-wrap \">\n<div class=\"wp-block-uagb-buttons-child uagb-buttons__outer-wrap uagb-block-49f0e4fe wp-block-button\"><div class=\"uagb-button__wrapper\"><a class=\"uagb-buttons-repeater wp-block-button__link\" aria-label=\"\" href=\"https:\/\/audetourdunsourire.com\/index.php\/nos-sponsors\/\" rel=\"follow noopener\" target=\"_self\" role=\"button\"><div class=\"uagb-button__link\">Retour Menu<\/div><\/a><\/div><\/div>\n<\/div><\/div>\n","protected":false},"excerpt":{"rendered":"<p>Pi\u00e8ces d\u00e9tach\u00e9es Land Rover &amp; partenaire de notre restauration Series Forever est un sponsor majeur de notre projet de restauration m\u00e9canique de notre Land Rover Serie III de 1980. Bas\u00e9e en Belgique, cette entreprise est sp\u00e9cialis\u00e9e dans les pi\u00e8ces d\u00e9tach\u00e9es Land Rover, depuis le Land Rover Series 1 jusqu\u2019au dernier Land Rover Defender, sans oublier [&hellip;]<\/p>\n","protected":false},"author":1,"featured_media":0,"parent":0,"menu_order":0,"comment_status":"closed","ping_status":"closed","template":"template-full.php","meta":{"_uag_custom_page_level_css":"","footnotes":""},"class_list":["post-2006","page","type-page","status-publish","hentry"],"yoast_head":"<!-- This site is optimized with the Yoast SEO plugin v25.6 - https:\/\/yoast.com\/wordpress\/plugins\/seo\/ -->\n<title>Series Forever - Au Detour d&#039;un Sourire<\/title>\n<meta name=\"description\" content=\"D\u00e9couvrez Series Forever, expert en pi\u00e8ces d\u00e9tach\u00e9es Land Rover. Pi\u00e8ces rares, ancien mod\u00e8le, exp\u00e9dition mondiale et conseils personnalis\u00e9s pour restaurer votre v\u00e9hicule.\" \/>\n<meta name=\"robots\" content=\"index, follow, max-snippet:-1, max-image-preview:large, max-video-preview:-1\" \/>\n<link rel=\"canonical\" href=\"https:\/\/audetourdunsourire.com\/index.php\/series-forever\/\" \/>\n<meta property=\"og:locale\" content=\"en_US\" \/>\n<meta property=\"og:type\" content=\"article\" \/>\n<meta property=\"og:title\" content=\"Series Forever - Au Detour d&#039;un Sourire\" \/>\n<meta property=\"og:description\" content=\"D\u00e9couvrez Series Forever, expert en pi\u00e8ces d\u00e9tach\u00e9es Land Rover. Pi\u00e8ces rares, ancien mod\u00e8le, exp\u00e9dition mondiale et conseils personnalis\u00e9s pour restaurer votre v\u00e9hicule.\" \/>\n<meta property=\"og:url\" content=\"https:\/\/audetourdunsourire.com\/index.php\/series-forever\/\" \/>\n<meta property=\"og:site_name\" content=\"Au Detour d&#039;un Sourire\" \/>\n<meta property=\"article:modified_time\" content=\"2025-11-05T18:39:30+00:00\" \/>\n<meta property=\"og:image\" content=\"https:\/\/audetourdunsourire.com\/wp-content\/uploads\/2025\/11\/Series-Forever.jpeg\" \/>\n\t<meta property=\"og:image:width\" content=\"1600\" \/>\n\t<meta property=\"og:image:height\" content=\"900\" \/>\n\t<meta property=\"og:image:type\" content=\"image\/jpeg\" \/>\n<meta name=\"twitter:card\" content=\"summary_large_image\" \/>\n<meta name=\"twitter:label1\" content=\"Est. reading time\" \/>\n\t<meta name=\"twitter:data1\" content=\"3 minutes\" \/>\n<script type=\"application\/ld+json\" class=\"yoast-schema-graph\">{\"@context\":\"https:\/\/schema.org\",\"@graph\":[{\"@type\":\"WebPage\",\"@id\":\"https:\/\/audetourdunsourire.com\/index.php\/series-forever\/\",\"url\":\"https:\/\/audetourdunsourire.com\/index.php\/series-forever\/\",\"name\":\"Series Forever - Au Detour d&#039;un Sourire\",\"isPartOf\":{\"@id\":\"https:\/\/audetourdunsourire.com\/#website\"},\"primaryImageOfPage\":{\"@id\":\"https:\/\/audetourdunsourire.com\/index.php\/series-forever\/#primaryimage\"},\"image\":{\"@id\":\"https:\/\/audetourdunsourire.com\/index.php\/series-forever\/#primaryimage\"},\"thumbnailUrl\":\"https:\/\/audetourdunsourire.com\/wp-content\/uploads\/2025\/11\/Series-Forever-1024x576.jpeg\",\"datePublished\":\"2024-10-02T07:14:36+00:00\",\"dateModified\":\"2025-11-05T18:39:30+00:00\",\"description\":\"D\u00e9couvrez Series Forever, expert en pi\u00e8ces d\u00e9tach\u00e9es Land Rover. Pi\u00e8ces rares, ancien mod\u00e8le, exp\u00e9dition mondiale et conseils personnalis\u00e9s pour restaurer votre v\u00e9hicule.\",\"breadcrumb\":{\"@id\":\"https:\/\/audetourdunsourire.com\/index.php\/series-forever\/#breadcrumb\"},\"inLanguage\":\"en-US\",\"potentialAction\":[{\"@type\":\"ReadAction\",\"target\":[\"https:\/\/audetourdunsourire.com\/index.php\/series-forever\/\"]}]},{\"@type\":\"ImageObject\",\"inLanguage\":\"en-US\",\"@id\":\"https:\/\/audetourdunsourire.com\/index.php\/series-forever\/#primaryimage\",\"url\":\"https:\/\/audetourdunsourire.com\/wp-content\/uploads\/2025\/11\/Series-Forever.jpeg\",\"contentUrl\":\"https:\/\/audetourdunsourire.com\/wp-content\/uploads\/2025\/11\/Series-Forever.jpeg\",\"width\":1600,\"height\":900},{\"@type\":\"BreadcrumbList\",\"@id\":\"https:\/\/audetourdunsourire.com\/index.php\/series-forever\/#breadcrumb\",\"itemListElement\":[{\"@type\":\"ListItem\",\"position\":1,\"name\":\"Home\",\"item\":\"https:\/\/audetourdunsourire.com\/\"},{\"@type\":\"ListItem\",\"position\":2,\"name\":\"Series Forever\"}]},{\"@type\":\"WebSite\",\"@id\":\"https:\/\/audetourdunsourire.com\/#website\",\"url\":\"https:\/\/audetourdunsourire.com\/\",\"name\":\"Au Detour d&#039;un Sourire\",\"description\":\"\",\"potentialAction\":[{\"@type\":\"SearchAction\",\"target\":{\"@type\":\"EntryPoint\",\"urlTemplate\":\"https:\/\/audetourdunsourire.com\/?s={search_term_string}\"},\"query-input\":{\"@type\":\"PropertyValueSpecification\",\"valueRequired\":true,\"valueName\":\"search_term_string\"}}],\"inLanguage\":\"en-US\"}]}<\/script>\n<!-- \/ Yoast SEO plugin. -->","yoast_head_json":{"title":"Series Forever - Au Detour d&#039;un Sourire","description":"D\u00e9couvrez Series Forever, expert en pi\u00e8ces d\u00e9tach\u00e9es Land Rover. Pi\u00e8ces rares, ancien mod\u00e8le, exp\u00e9dition mondiale et conseils personnalis\u00e9s pour restaurer votre v\u00e9hicule.","robots":{"index":"index","follow":"follow","max-snippet":"max-snippet:-1","max-image-preview":"max-image-preview:large","max-video-preview":"max-video-preview:-1"},"canonical":"https:\/\/audetourdunsourire.com\/index.php\/series-forever\/","og_locale":"en_US","og_type":"article","og_title":"Series Forever - Au Detour d&#039;un Sourire","og_description":"D\u00e9couvrez Series Forever, expert en pi\u00e8ces d\u00e9tach\u00e9es Land Rover. Pi\u00e8ces rares, ancien mod\u00e8le, exp\u00e9dition mondiale et conseils personnalis\u00e9s pour restaurer votre v\u00e9hicule.","og_url":"https:\/\/audetourdunsourire.com\/index.php\/series-forever\/","og_site_name":"Au Detour d&#039;un Sourire","article_modified_time":"2025-11-05T18:39:30+00:00","og_image":[{"width":1600,"height":900,"url":"https:\/\/audetourdunsourire.com\/wp-content\/uploads\/2025\/11\/Series-Forever.jpeg","type":"image\/jpeg"}],"twitter_card":"summary_large_image","twitter_misc":{"Est. reading time":"3 minutes"},"schema":{"@context":"https:\/\/schema.org","@graph":[{"@type":"WebPage","@id":"https:\/\/audetourdunsourire.com\/index.php\/series-forever\/","url":"https:\/\/audetourdunsourire.com\/index.php\/series-forever\/","name":"Series Forever - Au Detour d&#039;un Sourire","isPartOf":{"@id":"https:\/\/audetourdunsourire.com\/#website"},"primaryImageOfPage":{"@id":"https:\/\/audetourdunsourire.com\/index.php\/series-forever\/#primaryimage"},"image":{"@id":"https:\/\/audetourdunsourire.com\/index.php\/series-forever\/#primaryimage"},"thumbnailUrl":"https:\/\/audetourdunsourire.com\/wp-content\/uploads\/2025\/11\/Series-Forever-1024x576.jpeg","datePublished":"2024-10-02T07:14:36+00:00","dateModified":"2025-11-05T18:39:30+00:00","description":"D\u00e9couvrez Series Forever, expert en pi\u00e8ces d\u00e9tach\u00e9es Land Rover. Pi\u00e8ces rares, ancien mod\u00e8le, exp\u00e9dition mondiale et conseils personnalis\u00e9s pour restaurer votre v\u00e9hicule.","breadcrumb":{"@id":"https:\/\/audetourdunsourire.com\/index.php\/series-forever\/#breadcrumb"},"inLanguage":"en-US","potentialAction":[{"@type":"ReadAction","target":["https:\/\/audetourdunsourire.com\/index.php\/series-forever\/"]}]},{"@type":"ImageObject","inLanguage":"en-US","@id":"https:\/\/audetourdunsourire.com\/index.php\/series-forever\/#primaryimage","url":"https:\/\/audetourdunsourire.com\/wp-content\/uploads\/2025\/11\/Series-Forever.jpeg","contentUrl":"https:\/\/audetourdunsourire.com\/wp-content\/uploads\/2025\/11\/Series-Forever.jpeg","width":1600,"height":900},{"@type":"BreadcrumbList","@id":"https:\/\/audetourdunsourire.com\/index.php\/series-forever\/#breadcrumb","itemListElement":[{"@type":"ListItem","position":1,"name":"Home","item":"https:\/\/audetourdunsourire.com\/"},{"@type":"ListItem","position":2,"name":"Series Forever"}]},{"@type":"WebSite","@id":"https:\/\/audetourdunsourire.com\/#website","url":"https:\/\/audetourdunsourire.com\/","name":"Au Detour d&#039;un Sourire","description":"","potentialAction":[{"@type":"SearchAction","target":{"@type":"EntryPoint","urlTemplate":"https:\/\/audetourdunsourire.com\/?s={search_term_string}"},"query-input":{"@type":"PropertyValueSpecification","valueRequired":true,"valueName":"search_term_string"}}],"inLanguage":"en-US"}]}},"uagb_featured_image_src":{"full":false,"thumbnail":false,"medium":false,"medium_large":false,"large":false,"1536x1536":false,"2048x2048":false,"gateway-post-image":false,"gateway-page-image":false,"woocommerce_thumbnail":false,"woocommerce_single":false,"woocommerce_gallery_thumbnail":false},"uagb_author_info":{"display_name":"audetourdunsourire","author_link":"https:\/\/audetourdunsourire.com\/index.php\/author\/audetourdunsourire\/"},"uagb_comment_info":0,"uagb_excerpt":"Pi\u00e8ces d\u00e9tach\u00e9es Land Rover &amp; partenaire de notre restauration Series Forever est un sponsor majeur de notre projet de restauration m\u00e9canique de notre Land Rover Serie III de 1980. Bas\u00e9e en Belgique, cette entreprise est sp\u00e9cialis\u00e9e dans les pi\u00e8ces d\u00e9tach\u00e9es Land Rover, depuis le Land Rover Series 1 jusqu\u2019au dernier Land Rover Defender, sans oublier&hellip;","jetpack_sharing_enabled":true,"_links":{"self":[{"href":"https:\/\/audetourdunsourire.com\/index.php\/wp-json\/wp\/v2\/pages\/2006","targetHints":{"allow":["GET"]}}],"collection":[{"href":"https:\/\/audetourdunsourire.com\/index.php\/wp-json\/wp\/v2\/pages"}],"about":[{"href":"https:\/\/audetourdunsourire.com\/index.php\/wp-json\/wp\/v2\/types\/page"}],"author":[{"embeddable":true,"href":"https:\/\/audetourdunsourire.com\/index.php\/wp-json\/wp\/v2\/users\/1"}],"replies":[{"embeddable":true,"href":"https:\/\/audetourdunsourire.com\/index.php\/wp-json\/wp\/v2\/comments?post=2006"}],"version-history":[{"count":10,"href":"https:\/\/audetourdunsourire.com\/index.php\/wp-json\/wp\/v2\/pages\/2006\/revisions"}],"predecessor-version":[{"id":4358,"href":"https:\/\/audetourdunsourire.com\/index.php\/wp-json\/wp\/v2\/pages\/2006\/revisions\/4358"}],"wp:attachment":[{"href":"https:\/\/audetourdunsourire.com\/index.php\/wp-json\/wp\/v2\/media?parent=2006"}],"curies":[{"name":"wp","href":"https:\/\/api.w.org\/{rel}","templated":true}]}}